)/((-1)/20). Let k be (-3)/6*8 + 2/1. Let j be k*(12/(-8) + -4). What is the greatest common factor of j and b?
11
Let i be (-3)/(-5) + (-663)/255. Let y(h) = -75*h**3 - h**2 + h + 1. Let j be y(-1). Let s = j + i. Calculate the greatest common divisor of 9 and s.
9
Suppose 8*c - 3*c - x - 97 = 0, 4*c - 2*x = 74. Let j(g) = -6*g + 2. Let s be j(-3). What is the highest common factor of c and s?
20
Let i be (-4114)/(-55) + -9 - (-2)/10. What is the greatest common divisor of 2046 and i?
66
Let h(u) = -u**3 - 5*u**2 + 3*u - 24. Let i be h(-7). What is the highest common factor of i and 901?
53
Suppose 18*a - 16*a = 10. Suppose -986 + 146 = -a*c. What is the greatest common divisor of 21 and c?
21
Let i = 4 + -15. Let f be 5/(10/(-26))*i. What is the greatest common divisor of f and 13?
13
Suppose -7*u + 0 + 56 = 0. Calculate the greatest common divisor of 8 and u.
8
Let c be (1 - 0) + (5 - 2). Let n(y) = -y**3 + 3*y**2 + 4*y + 5. Let l be n(c). Suppose 2*f + 3 = l. Calculate the greatest common divisor of 1 and f.
1
Let a be ((-8)/5)/(4*(-2)/60). Calculate the greatest common divisor of 354 and a.
6
Suppose 15*b = 20*b - 4*k - 43, 2*b = k + 19. Let l be ((-11)/3)/(2/(-30)). Calculate the highest common divisor of l and b.
11
Let g = 133 - 81. Let c(w) = -w**2 - 37*w - 132. Let y be c(-30). Calculate the highest common factor of y and g.
26
Let a be 505/(-2) - -5*3/(-30). Let o = a + 421. Calculate the highest common factor of o and 21.
21
Let y be ((-332)/(-6))/(16 - 736/48). Calculate the greatest common divisor of 913 and y.
83
Let p be (1 - 3)*(-7)/2. Suppose 57 = 2*z - p. Let l be -3*(z/(-12))/2. What is the highest common factor of l and 8?
4
Let m(u) = 2*u + 4. Let k be 0 - 9/((-27)/6). Let x be m(k). Suppose -x = q - 4*c, 0 = -3*q + 3*c + 3. What is the highest common divisor of q and 10?
2
Let h(g) = 289*g**3 + g - 2. Let z be h(1). Suppose 4*r = 2*r + 72. Calculate the highest common factor of z and r.
36
Suppose m - 68 = 5*j, -5*m = 3*j - 56 - 228. Suppose -882*d = -877*d - 435. What is the highest common divisor of d and m?
29
Suppose 0 = 5*q - 6*q. Suppose 648 = -q*c + 3*c. Let t = -73 + c. What is the greatest common factor of t and 13?
13
Let l(q) = 177*q**2 + q. Let s be 2/2 + 3 + -1. Suppose -2*u - s*u - 5 = 0. Let d be l(u). What is the highest common divisor of d and 16?
16
Suppose -m + 2 = -2*t, -3*t + 0 = 3. Suppose m = -4*o + 2*o + 20. Calculate the greatest common divisor of 70 and o.
10
Let n be (9/(-9) - 22)*-1. What is the greatest common divisor of 8 and n?
1
Let s(w) = 34*w**2 - 18*w. Let i be s(-1). What is the highest common divisor of 286 and i?
26
Let o(i) = i**2 + 7*i + 9. Let s be o(-9). Let a(p) = -3 - 4*p + 2 - 2 + p**2. Let u be a(-2). Calculate the highest common factor of u and s.
9
Let c = 734 + -729. Let g = -28 + 48. Calculate the greatest common factor of c and g.
5
Let h = 1243 - 1207. What is the greatest common divisor of h and 276?
12
Let k be -1 + -1 - 3/(-1). Let p(y) = -6*y - 8. Let a be p(3). Let r = -25 - a. Calculate the highest common divisor of k and r.
1
Suppose s = -5*t + 12, 2*t = 4*s + 5*t - 14. Suppose 0 = -4*f - 4, -4 - 6 = -p + s*f. What is the highest common factor of p and 8?
8
Let o(k) = 8*k - 2. Let i be o(5). Let n be 11 - 5320/(-63) - 7/((-252)/(-16)). Calculate the greatest common divisor of i and n.
19
Let k be 3/((2/(-16))/(-1)). Let s(g) = -g**2 - 15*g + 1353. Let m be s(30). Calculate the greatest common factor of m and k.
3
Let m(t) = -168*t + 5. Let n be m(-1). Suppose n = 9*v - 151. Calculate the greatest common divisor of 36 and v.
36
Let k be (1 - 18)/((-1)/(-2)). Let s be ((-3)/2)/3*k. Calculate the greatest common divisor of 119 and s.
17
Let r = 285 - 283. Suppose -3*v = -4*v - 3, 0 = 5*u - v - 93. Calculate the highest common divisor of u and r.
2
Let b(f) = 3*f**3 - f**2 - f - 2. Let p be b(2). Suppose -32*l - 488 = -93*l. What is the highest common factor of p and l?
8
Let a = -126 - -303. Calculate the greatest common factor of 118 and a.
59
Let n = -679 - -1251. What is the greatest common divisor of 44 and n?
44
Let q be 129 - ((3 - 7) + -3 - -6). What is the greatest common divisor of q and 10?
10
Let w = -1634 - -2255. Calculate the greatest common factor of w and 189.
27
Let h(o) = -27*o + 3. Let d(j) = 28*j - 2. Let w(i) = 6*d(i) + 5*h(i). Let r be w(1). What is the greatest common divisor of r and 12?
12
Let t(k) = k**3 - 18*k**2 - 14*k - 82. Let v be t(19). Calculate the greatest common divisor of 9 and v.
1
Let g be (-2)/6 + 49/3. Let w(m) be the second derivative of 3*m**5/20 - m**4/3 - 3*m. Let z be w(4). What is the highest common factor of z and g?
16
Let f(y) = 3*y**2 + 26*y + 28. Let d be f(-8). What is the greatest common factor of d and 9?
3
Let x be (-1 - -5) + (26 - 1). Suppose 3*l - 4*r = 54, -4*l + 43 = 4*r - x. What is the highest common factor of l and 144?
18
Suppose 4*f = -36 + 228. What is the highest common divisor of 96 and f?
48
Suppose 2*r + 49 = 2*o + 249, 0 = r + 2*o - 100. Calculate the greatest common factor of r and 160.
20
Let l be ((-10)/4)/((-2)/20). Let b be (-184)/(-18) - ((7 - (-4)/18) + -7). Calculate the highest common divisor of l and b.
5
Let p be 3 + 60/(-16) - 1806/(-8). Calculate the highest common factor of p and 525.
75
Suppose -2*r + 206 = 4*b, r = 40*b - 41*b + 49. What is the greatest common divisor of 30 and b?
6
Suppose -6*j + 14 = -22. Let t(h) = h**3 - 7*h**2 + 12*h - 2. Let d be t(j). What is the highest common divisor of 51 and d?
17
Suppose 93*a = 89*a - 2*f + 162, 0 = a + 3*f - 43. Calculate the greatest common factor of a and 160.
40
Let m(j) = 6*j**3 + 4*j**2 + j - 2. Let z be m(-2). Let b be (-3 - z/3) + 1. What is the greatest common factor of 20 and b?
10
Let h be 5 - 3/(-6)*22. Calculate the greatest common divisor of 16 and h.
16
Let n(m) = m**3 - 4*m**2 - 3*m + 10. Let u = 26 + -18. Let w be n(u). Let r be w/12 - 4/24. What is the greatest common factor of r and 5?
5
Let j(o) = -o**3 + 7*o**2 + 10*o - 1. Suppose 189 = -2*a + 205. Let k be j(a). Calculate the greatest common factor of 6 and k.
3
Let s(f) = 3*f - 1. Let y be s(2). Suppose 5*l = -h + 21, -36*h + 35*h = l - 9. Calculate the highest common factor of y and l.
1
Suppose 5*k - 35442 = -6*k. What is the greatest common divisor of 18 and k?
18
Suppose -3*k - 12 = -3. Let m be 33 - (-4)/(1 - k). Let s be 1 + (-252)/(-16) + (-1)/(-4). Calculate the highest common factor of s and m.
17
Let w be 26/39*(2 + 34). Suppose -4*s = -s - 18. Calculate the greatest common factor of w and s.
6
Suppose -z = 3*z - k - 3752, 0 = 2*z - k - 1876. Calculate the greatest common divisor of z and 42.
14
Let b(x) = -x**3 - 8*x**2 - x + 7. Let a be b(-8). Let m(f) = -2 + 2 - 1 + 3*f**2 - f. Let r be m(-1). Calculate the highest common divisor of r and a.
3
Suppose -2*w + 102 = -4*d, 0 = -3*w + 4*d + 102 + 55. Let c = 60 + -27. Calculate the highest common factor of c and w.
11
Suppose a = -2, -4*a = -2*r - 0*a + 172. Let b = -33 + r. Let p = 20 - 13. What is the highest common factor of b and p?
7
Suppose 4*m - 2*v - 5836 = 0, -2805 = -4*m - 3*v + 3041. Calculate the highest common divisor of m and 20.
20
Let v be 3*(-2)/6*(-22)/2. Let h be 4/6*(-132)/(-8). Let g = v + h. Calculate the greatest common factor of 11 and g.
11
Suppose i + 5 + 22 = 0. Let k = 38 + i. Suppose 4*w - k = 21. What is the highest common divisor of 2 and w?
2
Suppose -39*o = -14888 - 44899. What is the greatest common factor of o and 14?
7
Let o = 2408 - 4516. Let z be o/(-51) + 4/6. What is the highest common factor of z and 168?
42
Suppose -4*l + 74 = t, 0 = -l - 0*l + 3*t + 25. What is the greatest common factor of l and 608?
19
Let c(o) = -30*o. Let q be c(-1). Let w(n) = -n**3 - 4*n**2 - 15*n - 30. Let m be w(-3). Calculate the highest common divisor of q and m.
6
Let m(w) = w**3 - 12*w**2 + 6*w + 22. Let h be m(12). Suppose 3*o + 4*b + 21 = h, -75 = -3*o - 3*b. Calculate the highest common divisor of o and 3.
3
Suppose -14*i - 4725 = -23*i. Suppose 9*h - 123 - i = 0. Calculate the greatest common divisor of 9 and h.
9
Suppose 4*m + 4*u = 5920, 6*u - 11*u = m - 1472. Calculate the greatest common divisor of m and 342.
114
Let c be ((-34)/4 - -4)*134/(-1). Suppose -3*f + 5*f + 3*